hat is -130110123303203 - 2?
-130110123303211
In base 2, what is 1000010101 - -1001101001100?
1010101100001
In base 13, what is 61 - 25a85?
-25a24
In base 6, what is 130 - -134444125?
134444255
In base 8, what is -660 - 6002347?
-6003227
In base 11, what is 1080207 + -66?
1080151
In base 7, what is 321235066 + 11?
321235110
In base 6, what is -23512 + -55053?
-123005
In base 15, what is -586 - -2865d?
280c7
In base 15, what is -50 + 185e4?
18594
In base 3, what is 221012 + 20011012222?
20012011011
In base 5, what is 240041 - 11312?
223224
In base 2, what is -10000101001011010011101 - 10111100?
-10000101001011101011001
In base 2, what is -11100000100100 - -111111110?
-11011000100110
In base 11, what is 691 - -6881?
7462
In base 15, what is -872505c + 4?
-8725058
In base 2, what is -1100110111111111100 + 101000?
-1100110111111010100
In base 4, what is 3301022113 - 1330?
3301020123
In base 12, what is b827 + 1a7?
ba12
In base 12, what is -53 + 1484228?
1484195
In base 15, what is 325a + 74?
32ce
In base 6, what is 3301112 - 12?
3301100
In base 16, what is 2b129 - -350?
2b479
In base 11, what is 5 + 74075a?
740764
In base 8, what is 261617 - 3?
261614
In base 13, what is -1cb4445 - b?
-1cb4453
In base 15, what is 15d1ede + 1?
15d1ee0
In base 7, what is -203130 + 15201?
-154626
In base 4, what is -13200013033 - 232?
-13200013331
In base 8, what is 23244724 - -7?
23244733
In base 6, what is 44314223455 - 3?
44314223452
In base 12, what is b7b7a1 + 13?
b7b7b4
In base 9, what is -102727367 + 17?
-102727350
In base 9, what is 151388 + 167?
151566
In base 8, what is -24 + -5147140?
-5147164
In base 8, what is 5 + -2104541?
-2104534
In base 4, what is 2313210 - -33033?
3012303
In base 16, what is b18 - -598?
10b0
In base 7, what is 340156162 + -24?
340156135
In base 6, what is 251340110 - 5?
251340101
In base 13, what is -4814 + -4a2?
-4cb6
In base 3, what is -2122121200112210 - -12?
-2122121200112121
In base 7, what is -426124 + 141?
-425653
In base 14, what is 4403b9d + 0?
4403b9d
In base 4, what is -303301223 + 102030?
-303133133
In base 14, what is 1bd2717 - -7?
1bd2720
In base 13, what is -4 + -24a81?
-24a85
In base 5, what is -10 - -2143034201?
2143034141
In base 3, what is 101101212012012111 - 2?
101101212012012102
In base 4, what is 10 + 203320132013?
203320132023
In base 3, what is -10110220 + -20120111?
-101001101
In base 13, what is c08c01 + -29?
c08ba5
In base 2, what is 1001001001000101001 - -1101110?
1001001001010010111
In base 16, what is c - -1d740a2?
1d740ae
In base 4, what is -10232311 - 300003?
-11132320
In base 15, what is -9c - -1232641?
1232594
In base 4, what is -3 + 121123201331?
121123201322
In base 2, what is -100011 + -111011010010011000100?
-111011010010011100111
In base 9, what is 31182 - 7?
31174
In base 15, what is 6 - -1067398?
106739e
In base 9, what is -358183666 + 4?
-358183662
In base 11, what is 1 - 764414?
-764413
In base 3, what is 20120220010 + -2100?
20120210210
In base 11, what is -5 + -2910003?
-2910008
In base 13, what is 2 - -454185?
454187
In base 11, what is -3 + 6720aa6?
6720aa3
In base 12, what is 2 - 3378666?
-3378664
In base 12, what is -18482 + 204?
-1827a
In base 7, what is -3164 - -131064?
124600
In base 14, what is -42067 - -1?
-42066
In base 14, what is -a + dac207?
dac1db
In base 10, what is -4 + 722008?
722004
In base 7, what is -6611 + -14545?
-24456
In base 5, what is 123203 + -3323?
114330
In base 6, what is -143302533532 + 1?
-143302533531
In base 15, what is -4 + -d209a0?
-d209a4
In base 8, what is 400147 - -2?
400151
In base 11, what is -1615a1 + -136?
-161727
In base 15, what is b6d + -409e4?
-3ed76
In base 4, what is -10 + 33333303012?
33333303002
In base 2, what is 1011001000000101110010 + 11000?
1011001000000110001010
In base 6, what is 10451145 + -1125?
10450020
In base 9, what is 122508786 - -2?
122508788
In base 11, what is -8 + 22696857?
2269684a
In base 7, what is -502411543 - -4?
-502411536
In base 11, what is 5a442 + -353?
5a09a
In base 6, what is -122410121 + -10?
-122410131
In base 10, what is 377 - -22891?
23268
In base 5, what is -224343124 + -11?
-224343140
In base 12, what is -14b + 438?
2a9
In base 5, what is 13142211011 + -4?
13142211002
In base 14, what is -4 - -278c7d8?
278c7d4
In base 2, what is -11 + 1010000010101000000001?
1010000010100111111110
In base 11, what is 5 - 7650958?
-7650953
In base 4, what is -312010132 + 1212?
-312002320
In base 4, what is -321230132 - 2?
-321230200
In base 16, what is 2e5b - -3fa?
3255
In base 5, what is 13004203214 - -103?
13004203322
In base 2, what is -100 - 11010000111001001101000?
-11010000111001001101100
In base 4, what is -30211 + 21012003?
20321132
In base 10, what is -714361 - -9?
-714352
In base 14, what is -187b35 - -7?
-187b2c
In base 11, what is 25337 + 32?
25369
In base 4, what is -201211210 - 222?
-201212032
In base 13, what is 4 + -2a50c17?
-2a50c13
In base 9, what is -757870 + -53?
-758033
In base 13, what is 5 + -24bb079?
-24bb074
In base 6, what is 3104225 + -4155?
3100030
In base 4, what is -221200 + -11033?
-232233
In base 6, what is 152003 + -2413?
145150
In base 14, what is 0 + -2209372b?
-2209372b
In base 4, what is -23130222 + 10301?
-23113321
In base 9, what is -118 - -12364563?
12364444
In base 5, what is -13412114 - -30?
-13412034
In base 9, what is 70400 + -1156?
68233
In base 6, what is -134532445234 + -1?
-134532445235
In base 3, what is 2011221202002 + -11?
2011221201221
In base 9, what is 88 - -4251350?
4251448
In base 10, what is 3 - 445659?
-445656
In base 10, what is 19792 + -71?
19721
In base 2, what is 11111001001 - -1101000110111?
10001000000000
In base 15, what is 445b + -57ad?
-1352
In base 11, what is a695 - 6a0?
9aa5
In base 7, what is 62 + 25554563?
25554655
In base 5, what is 2 - -1044134324?
1044134331
In base 3, what is -12210022211200000 - 1?
-12210022211200001
In base 7, what is 4 - 1661351?
-1661344
In base 2, what is 11001110000101000 - 10101001001?
11001011011011111
In base 2, what is 11 + -1101110011110100000110?
-1101110011110100000011
In base 15, what is 728a - -dc?
7377
In base 15, what is -5 - 6cec?
-6d02
In base 16, what is -27 + 5675b5?
56758e
In base 8, what is 1306026006 - -3?
1306026011
In base 14, what is 304d90 - 0?
304d90
In base 2, what is -10000110101110 + 101101010110?
-1011001011000
In base 11, what is -2 - 1273379?
-1273380
In base 5, what is -3144123030 - -10?
-3144123020
In base 6, what is 122551025 + -115?
122550510
In base 3, what is -2001102010 + 2120110?
-1221211200
In base 11, what is -1188 - -866a?
7492
In base 10, what is -260437402 + 0?
-260437402
In base 12, what is 5a5a32 - -15?
5a5a47
In base 3, what is 120211120022102121 + 0?
120211120022102121
In base 15, what is -131 - -24ed6?
24da5
In base 13, what is -1bb0c - -2c45?
-18b97
In base 15, what is 4 + -bd04503?
-bd044ee
In base 13, what is -13c4 + 14469?
13075
In base 9, what is 56457 - -2623?
60181
In base 13, what is 14ab - 6c41?
-5763
In base 5, what is 2 - 1422123112?
-1422123110
In base 12, what is -4613806a - 3?
-46138071
In base 9, what is 4 - 13235752?
-13235747
In base 7, what is -1532000 + 350?
-1531320
In base 7, what is -1304 + -16634?
-21241
In base 2, what is 100 - -1101101011010010100011000?
1101101011010010100011100
In base 15, what is -188b7 - -13?
-188a4
In base 3, what is -12221212 - -122122102?
102200120
In base 8, what is -3203143 - 137?
-3203302
In base 4, what is 0 - -230131220201?
230131220201
In base 2, what is -10111 + -1100001100001111010?
-1100001100010010001
In base 2, what is 1111110 - -11111001101001100?
11111001111001010
In base 4, what is 101103 - 2030002011?
-2023300302
In base 10, what is -17 - 15226031?
-15226048
In base 9, what is 11284 - -4?
11288
In base 13, what is -6 - 790c327?
-790c330
In base 2, what is -111 - -1010010000101000101001001?
1010010000101000101000010
In base 11, what is 72a1 + -1388?
5a14
In base 11, what is 275489a + 19?
2754908
In base 15, what is 2b7b46 - a?
2b7b3b
In base 3, what is 122 + 21121110121222?
21121110122121
In base 13, what is -1ac + -410127?
-410306
In base 5, what is -303222 + 24320?
-223402
In base 12, what is -223667 - 7?
-223672
In base 2, what is -1 - -11110101101011001101000?
11110101101011001100111
In base 4, what is -101